lculate the greatest common factor of 24 and 72156.
12
Calculate the greatest common factor of 136 and 263976.
136
What is the highest common divisor of 83202 and 246?
6
Calculate the highest common factor of 441 and 123627.
147
What is the highest common factor of 124815 and 6360?
795
Calculate the highest common divisor of 6020 and 300.
20
Calculate the highest common factor of 249261 and 57.
57
Calculate the greatest common divisor of 462 and 622160.
154
What is the highest common divisor of 45743 and 3684?
307
Calculate the greatest common divisor of 71590 and 80.
10
What is the highest common factor of 2219 and 283715?
317
Calculate the highest common factor of 939 and 930236.
313
Calculate the highest common factor of 236 and 9263.
59
Calculate the highest common factor of 44 and 2221879.
11
Calculate the highest common factor of 5010 and 205.
5
What is the greatest common divisor of 7524 and 66?
66
What is the highest common factor of 349810 and 20?
10
What is the highest common divisor of 26436 and 384?
12
Calculate the highest common factor of 43108 and 260.
52
What is the greatest common factor of 12100 and 1250?
50
Calculate the greatest common divisor of 1028056 and 23112.
856
What is the highest common divisor of 15 and 25464?
3
What is the greatest common factor of 3230 and 254524?
646
What is the highest common factor of 118780 and 80?
20
What is the greatest common divisor of 15704 and 7176?
104
What is the greatest common divisor of 194 and 6887?
97
What is the highest common factor of 14964 and 48372?
348
What is the greatest common divisor of 2793 and 70167?
57
What is the greatest common factor of 457 and 106481?
457
What is the greatest common factor of 897 and 2346?
69
Calculate the greatest common divisor of 21867 and 70329.
591
Calculate the greatest common divisor of 39 and 2707.
1
Calculate the highest common factor of 81059 and 209.
11
Calculate the highest common factor of 3256 and 634513.
407
What is the greatest common factor of 96 and 59744?
32
Calculate the greatest common factor of 1405 and 530.
5
What is the highest common divisor of 261 and 1616025?
87
Calculate the highest common factor of 7020 and 7836.
12
What is the greatest common divisor of 96881 and 171?
19
Calculate the greatest common divisor of 161910 and 855.
45
What is the highest common divisor of 2440873 and 19?
19
Calculate the highest common factor of 30 and 5895.
15
Calculate the highest common factor of 27794 and 78.
26
Calculate the highest common divisor of 981 and 1497987.
981
What is the highest common divisor of 30 and 240770?
10
Calculate the highest common divisor of 51 and 24803.
17
Calculate the highest common factor of 284 and 4452.
4
What is the greatest common divisor of 16859 and 115?
23
Calculate the highest common factor of 16 and 5288.
8
What is the highest common factor of 21875 and 2275?
175
Calculate the highest common factor of 1146 and 17424.
6
What is the greatest common divisor of 194 and 87106?
194
What is the highest common factor of 103733 and 609?
203
Calculate the highest common divisor of 5867790 and 20.
10
Calculate the greatest common factor of 2148 and 6000.
12
Calculate the highest common factor of 11740 and 2580.
20
Calculate the highest common factor of 32 and 563648.
32
Calculate the highest common divisor of 1316605 and 95.
95
What is the greatest common divisor of 18750 and 450?
150
Calculate the greatest common divisor of 156830 and 270.
10
Calculate the greatest common divisor of 33456 and 240.
48
What is the greatest common factor of 9879845 and 107?
107
Calculate the highest common factor of 25109 and 20706.
119
What is the highest common divisor of 29556 and 1116?
36
What is the greatest common divisor of 199008 and 864?
288
Calculate the greatest common factor of 11868 and 1104.
276
Calculate the greatest common divisor of 14250 and 600.
150
What is the greatest common divisor of 77363 and 5408?
13
What is the highest common divisor of 168 and 1047578?
14
What is the highest common divisor of 5831 and 2261?
119
What is the greatest common factor of 20 and 36775?
5
What is the highest common factor of 26 and 1167660?
26
What is the greatest common divisor of 14157 and 106119?
117
What is the highest common divisor of 460 and 216407?
23
What is the highest common divisor of 5213502 and 147?
147
What is the highest common factor of 3632 and 448?
16
Calculate the highest common divisor of 76230 and 5390.
770
What is the greatest common factor of 164898 and 18?
18
What is the highest common factor of 8554 and 4732?
182
What is the highest common factor of 919804 and 8172?
908
Calculate the greatest common factor of 497 and 84206.
71
What is the greatest common factor of 426728 and 2296?
328
What is the greatest common factor of 15 and 101172?
3
Calculate the highest common factor of 59902 and 610.
122
Calculate the greatest common divisor of 33 and 25817.
11
Calculate the highest common factor of 7470 and 1530.
90
Calculate the greatest common divisor of 2115 and 30435.
15
Calculate the highest common divisor of 732 and 23268.
12
What is the highest common factor of 17 and 1353557?
17
Calculate the greatest common divisor of 302432 and 416.
416
What is the greatest common factor of 11753 and 161?
161
Calculate the highest common factor of 33 and 96261.
33
What is the highest common divisor of 7 and 1643446?
7
Calculate the greatest common factor of 269584 and 464.
464
Calculate the greatest common divisor of 19 and 186523.
19
What is the greatest common factor of 5994 and 9250?
74
Calculate the greatest common factor of 73 and 432.
1
What is the greatest common factor of 3362290 and 1010?
1010
What is the greatest common divisor of 5760 and 1140?
60
Calculate the greatest common factor of 30191 and 454.
227
What is the highest common factor of 173619 and 1146?
573
Calculate the greatest common factor of 268 and 124.
4
Calculate the greatest common divisor of 23072 and 1854.
206
What is the greatest common factor of 6976 and 5344?
32
What is the highest common divisor of 136570 and 210?
70
Calculate the highest common factor of 13321 and 2079.
77
What is the highest common factor of 46585 and 26565?
385
Calculate the greatest common divisor of 16 and 2514384.
16
Calculate the greatest common divisor of 132145 and 3745.
535
Calculate the greatest common divisor of 77156 and 52.
4
Calculate the highest common factor of 5377 and 2432.
19
What is the highest common factor of 91860 and 105?
15
Calculate the highest common factor of 23236 and 278204.
628
Calculate the greatest common divisor of 70 and 29710.
10
Calculate the greatest common factor of 316511 and 1004.
251
What is the greatest common factor of 273 and 1421511?
273
What is the greatest common factor of 46368 and 854?
14
Calculate the greatest common factor of 512 and 45952.
128
What is the greatest common factor of 68 and 10251?
17
What is the highest common divisor of 1246355 and 5?
5
What is the greatest common divisor of 63431 and 3704?
463
Calculate the highest common factor of 8680 and 9940.
140
Calculate the greatest common divisor of 55 and 40447.
11
What is the greatest common divisor of 189 and 525?
21
Calculate the highest common divisor of 2510 and 14240.
10
Calculate the highest common divisor of 2694919 and 61.
61
What is the greatest common divisor of 12 and 78852?
12
What is the greatest common factor of 10 and 2692160?
10
What is the greatest common divisor of 6883170 and 876?
438
What is the greatest common divisor of 1140 and 2142345?
285
Calculate the highest common divisor of 81 and 846.
9
Calculate the greatest common divisor of 180641 and 174.
29
What is the highest common factor of 45402 and 621?
69
What is the greatest common factor of 30329 and 234?
13
What is the highest common divisor of 1629096 and 504?
168
What is the highest common divisor of 228 and 1801884?
228
Calculate the greatest common factor of 373197 and 172.
43
What is the highest common factor of 147 and 147?
147
Calculate the highest common divisor of 306 and 53788.
34
Calculate the greatest common divisor of 23910 and 50.
10
Calculate the highest common factor of 3077 and 1448.
181
What is the highest common factor of 565819 and 358?
179
What is the